.
2, 5, 13, 389
What are the prime factors of 188?
2, 47
List the prime factors of 3067.
3067
What are the prime factors of 5059?
5059
What are the prime factors of 232?
2, 29
What are the prime factors of 7293?
3, 11, 13, 17
List the prime factors of 6186.
2, 3, 1031
What are the prime factors of 21552?
2, 3, 449
List the prime factors of 8625.
3, 5, 23
List the prime factors of 8915.
5, 1783
List the prime factors of 12459.
3, 4153
List the prime factors of 1781.
13, 137
List the prime factors of 1280.
2, 5
What are the prime factors of 14304?
2, 3, 149
List the prime factors of 46276.
2, 23, 503
List the prime factors of 1769.
29, 61
What are the prime factors of 30709?
7, 41, 107
List the prime factors of 11247.
3, 23, 163
What are the prime factors of 538?
2, 269
What are the prime factors of 4770?
2, 3, 5, 53
What are the prime factors of 60?
2, 3, 5
List the prime factors of 9624.
2, 3, 401
List the prime factors of 56279.
167, 337
What are the prime factors of 841?
29
List the prime factors of 7721.
7, 1103
What are the prime factors of 34346?
2, 13, 1321
List the prime factors of 2060.
2, 5, 103
List the prime factors of 16814.
2, 7, 1201
List the prime factors of 2758.
2, 7, 197
List the prime factors of 2423.
2423
What are the prime factors of 55917?
3, 19, 109
What are the prime factors of 1322?
2, 661
List the prime factors of 117640.
2, 5, 17, 173
What are the prime factors of 808?
2, 101
What are the prime factors of 1321?
1321
List the prime factors of 81883.
81883
List the prime factors of 17672.
2, 47
List the prime factors of 30627.
3, 41, 83
What are the prime factors of 77095?
5, 17, 907
List the prime factors of 38012.
2, 13, 17, 43
What are the prime factors of 2690?
2, 5, 269
List the prime factors of 14287.
7, 13, 157
What are the prime factors of 3687?
3, 1229
What are the prime factors of 128189?
128189
List the prime factors of 1692.
2, 3, 47
What are the prime factors of 1054?
2, 17, 31
What are the prime factors of 925?
5, 37
What are the prime factors of 1048?
2, 131
What are the prime factors of 3171?
3, 7, 151
What are the prime factors of 17905?
5, 3581
List the prime factors of 20668.
2, 5167
List the prime factors of 1018.
2, 509
What are the prime factors of 16756?
2, 59, 71
List the prime factors of 110.
2, 5, 11
List the prime factors of 2585.
5, 11, 47
List the prime factors of 2430.
2, 3, 5
List the prime factors of 1461.
3, 487
What are the prime factors of 50846?
2, 25423
What are the prime factors of 73205?
5, 11
What are the prime factors of 21367?
23, 929
List the prime factors of 16614.
2, 3, 13, 71
What are the prime factors of 14867?
14867
List the prime factors of 12821.
12821
What are the prime factors of 3621?
3, 17, 71
What are the prime factors of 17068?
2, 17, 251
What are the prime factors of 126622?
2, 63311
List the prime factors of 1426.
2, 23, 31
What are the prime factors of 15764?
2, 7, 563
What are the prime factors of 3657?
3, 23, 53
What are the prime factors of 23355?
3, 5, 173
List the prime factors of 2686.
2, 17, 79
List the prime factors of 3466.
2, 1733
List the prime factors of 1582.
2, 7, 113
What are the prime factors of 753?
3, 251
List the prime factors of 32243.
19, 1697
What are the prime factors of 4508?
2, 7, 23
What are the prime factors of 3591?
3, 7, 19
List the prime factors of 2953.
2953
What are the prime factors of 204?
2, 3, 17
List the prime factors of 1458.
2, 3
List the prime factors of 40751.
40751
List the prime factors of 25614.
2, 3, 1423
What are the prime factors of 1381?
1381
What are the prime factors of 1001?
7, 11, 13
What are the prime factors of 112843?
112843
List the prime factors of 836.
2, 11, 19
What are the prime factors of 24296?
2, 3037
What are the prime factors of 805?
5, 7, 23
List the prime factors of 58470.
2, 3, 5, 1949
What are the prime factors of 17758?
2, 13, 683
What are the prime factors of 13786?
2, 61, 113
List the prime factors of 65163.
3, 7, 29, 107
What are the prime factors of 17276?
2, 7, 617
List the prime factors of 45669.
3, 13, 1171
What are the prime factors of 31714?
2, 101, 157
What are the prime factors of 58810?
2, 5, 5881
List the prime factors of 10146.
2, 3, 19, 89
List the prime factors of 49698.
2, 3, 11, 251
What are the prime factors of 936?
2, 3, 13
List the prime factors of 256.
2
What are the prime factors of 3869?
53, 73
What are the prime factors of 3618?
2, 3, 67
What are the prime factors of 9455?
5, 31, 61
List the prime factors of 242.
2, 11
List the prime factors of 694.
2, 347
List the prime factors of 4772.
2, 1193
What are the prime factors of 18227?
11, 1657
What are the prime factors of 56526?
2, 3, 9421
What are the prime factors of 411?
3, 137
What are the prime factors of 2862?
2, 3, 53
List the prime factors of 8185.
5, 1637
What are the prime factors of 10730?
2, 5, 29, 37
List the prime factors of 1008.
2, 3, 7
List the prime factors of 1475.
5, 59
What are the prime factors of 2102?
2, 1051
List the prime factors of 112175.
5, 7, 641
What are the prime factors of 46079?
11, 59, 71
List the prime factors of 3854.
2, 41, 47
What are the prime factors of 38894?
2, 19447
What are the prime factors of 5511?
3, 11, 167
What are the prime factors of 9546?
2, 3, 37, 43
What are the prime factors of 492?
2, 3, 41
What are the prime factors of 167412?
2, 3, 7, 1993
What are the prime factors of 2989?
7, 61
What are the prime factors of 5641?
5641
List the prime factors of 4714.
2, 2357
What are the prime factors of 10446?
2, 3, 1741
What are the prime factors of 156738?
2, 3, 151, 173
What are the prime factors of 51678?
2, 3, 11, 29
List the prime factors of 18979.
18979
What are the prime factors of 203?
7, 29
What are the prime factors of 2970?
2, 3, 5, 11
List the prime factors of 329.
7, 47
What are the prime factors of 2852?
2, 23, 31
List the prime factors of 9413.
9413
What are the prime factors of 4422?
2, 3, 11, 67
List the prime factors of 4027.
4027
List the prime factors of 24720.
2, 3, 5, 103
List the prime factors of 589.
19, 31
List the prime factors of 31263.
3, 17, 613
What are the prime factors of 1366?
2, 683
List the prime factors of 7523.
7523
List the prime factors of 114027.
3, 191, 199
What are the prime factors of 515?
5, 103
What are the prime factors of 671?
11, 61
List the prime factors of 26171.
26171
List the prime factors of 2452.
2, 613
What are the prime factors of 26472?
2, 3, 1103
What are the prime factors of 1625?
5, 13
List the prime factors of 1111.
11, 101
What are the prime factors of 2664?
2, 3, 37
What are the prime factors of 3483?
3, 43
List the prime factors of 14563.
14563
List the prime factors of 26288.
2, 31, 53
What are the prime factors of 5118?
2, 3, 853
What are the prime factors of 7307?
7307
List the prime factors of 17510.
2, 5, 17, 103
What are the prime factors of 20751?
3, 6917
What are the prime factors of 30700?
2, 5, 307
What are the prime factors of 668?
2, 167
List the prime factors of 3083.
3083
What are the prime factors of 4709?
17, 277
What are the prime factors of 83793?
3, 17, 31, 53
What are the prime factors of 31694?
2, 13, 23, 53
What are the prime factors of 38595?
3, 5, 31, 83
List the prime factors of 6468.
2, 3, 7, 11
What are the prime factors of 12101?
12101
List the prime factors of 52.
2, 13
What are the prime factors of 13844?
2, 3461
List the prime factors of 17254.
2, 8627
List the prime factors of 19837.
83, 239
List the prime factors of 1302.
2, 3, 7, 31
What are the prime factors of 1470?
2, 3, 5, 7
List the prime factors of 22147.
22147
What are the prime factors of 1715?
5, 7
List the prime factors of 2505.
3, 5, 167
List the prime factors of 3225.
3, 5, 43
List the prime factors of 14077.
7, 2011
List the prime factors of 37310.
2, 5, 7, 13, 41
What are the prime factors of 3370?
2, 5, 337
What are the prime factors of 7950?
2, 3, 5, 53
List the prime factors of 598.
2, 13, 23
What are the prime factors of 5233?
5233
List the prime factors of 28399.
7, 4057
What are the prime factors of 14554?
2, 19, 383
List the prime factors of 16911.
3, 1879
List the prime factors of 201105.
3, 5, 41, 109
List the prime factors of 33046.
2, 13, 31, 41
List the prime factors of 5759.
13, 443
List the prime